, 5
Suppose 2*z - z - 191 = 0. List the prime factors of z.
191
Let c = 8 - 13. Let v = c - -10. What are the prime factors of v?
5
Let u(v) = -v + 26. What are the prime factors of u(-6)?
2
Suppose -4*m + 624 = 2*m. What are the prime factors of m?
2, 13
Let h(w) = -w**3 + 3*w**2 + w - 2. Let j be h(3). List the prime factors of 30/(j + 1/2).
2, 5
Suppose n - 15 = 23. Let l = n - 18. What are the prime factors of l?
2, 5
Let i(o) = 8*o**2 - 2*o - 6. What are the prime factors of i(3)?
2, 3, 5
Let u = -1 - 15. What are the prime factors of (-24)/u*(-188)/(-6)?
47
List the prime factors of 1/4 + 652/16.
41
Suppose -18 = z - 8. Let c(k) = -28*k**3 + 2*k**2 - 1. Let b be c(1). Let i = z - b. List the prime factors of i.
17
Suppose -i + 6*i - 160 = 0. Suppose 0 = 4*y - i + 8. List the prime factors of y.
2, 3
Let b = 43 - -38. What are the prime factors of b?
3
What are the prime factors of (0 - 1)*1834/(-14)?
131
Let n(t) = 3*t - 6. Suppose 7*l = 2*l + 30. What are the prime factors of n(l)?
2, 3
Let s be (-130)/(-4) - 4/8. Suppose -m + 57 = h, -4*m - s + 236 = -4*h. List the prime factors of (-28)/(-6)*m/12.
3, 7
Let i = 14 + 7. Suppose 0*k + 3*k - i = 0. Suppose c - 4*b + k = -2*b, c + 22 = 5*b. What are the prime factors of c?
3
Let i = 175 + 123. What are the prime factors of i?
2, 149
Suppose -6*h = -h + 85. Let l(x) = -2*x. Let s be l(4). Let f = s - h. List the prime factors of f.
3
What are the prime factors of (-10)/20 + 1515/6?
2, 3, 7
Let h be (1 + -77)*15/(-20). Suppose 4*v = 23 + h. Let w = v + -12. What are the prime factors of w?
2
Let v(x) = -4 - 53*x + 4 + 1. Let q be v(2). What are the prime factors of (-5)/(q/(-18))*-7?
2, 3
Let a(i) = i**2 - 6*i - 13. Let g be a(11). Suppose 4*b - g = 2*b. List the prime factors of b.
3, 7
Suppose 4*j = 12, -2*j + 59 = 4*a - 5*j. List the prime factors of a.
17
Suppose x + 1653 = 5*y, 3*x = -3*y + 910 + 71. List the prime factors of y.
2, 3, 5, 11
Suppose -216 = -2*h + 5*n - 2*n, 4*h + n = 432. Let a = -72 + h. What are the prime factors of a?
2, 3
Let f = -8 - -13. Let c = 7 - 2. Suppose 4*m - 18 - 5 = c*y, -13 = m - f*y. List the prime factors of m.
2, 3
Let c be 3 + (-3 - 0) + 2. Suppose c = -4*i - 2*r - 3*r, -5*r - 6 = 2*i. Suppose 0 = i*h - 22 - 8. What are the prime factors of h?
3, 5
Let f(j) = j**3 + 8*j**2 - j + 11. List the prime factors of f(-8).
19
Suppose -2*v = 5*c + 3*v - 50, 2*v - 2 = c. What are the prime factors of c?
2, 3
Let u = 175 + -77. List the prime factors of u.
2, 7
Suppose 8 = -2*a + l, 3 = 2*a - a - 4*l. Let x(q) = -q**2 - 7*q - 5. List the prime factors of x(a).
5
Let w(a) = -2*a**3 + 5*a**2 + 2*a - 6. What are the prime factors of w(-3)?
3, 29
Let s = 4 + -2. Suppose s*o = 37 - 7. What are the prime factors of o?
3, 5
Let p = -48 - -108. List the prime factors of p.
2, 3, 5
Let a(j) = j + 15. Let w be a(-7). Suppose -3*m + 3*t - w*t = -55, 2*m + 4*t = 40. List the prime factors of m.
2, 5
Suppose -148 = -2*q - l + 5*l, -4*l = 20. List the prime factors of q.
2
Let j(v) be the second derivative of -7*v**3/3 + 2*v**2 - 5*v. List the prime factors of j(-3).
2, 23
Suppose -4*s = -0*f + 3*f - 4, 4*s = -2*f. Suppose f*t - 7 + 35 = 0. What are the prime factors of (-18)/t*(-14)/(-3)?
2, 3
Let d = -94 - -172. Suppose 4*t - d = -2*t. What are the prime factors of t?
13
Let v = 2 - -1. Suppose 0*a = v*a - 9. What are the prime factors of a?
3
Let p be 2 - (6 - 2) - -23. Suppose 0 = -2*n - 3*n + w + p, 4*w = 5*n - 9. Let s = n - 1. List the prime factors of s.
2
Let j(k) = k + 4. Let q be j(-4). Suppose -4*u = -77 + 5. Suppose q = 5*i - u + 3. List the prime factors of i.
3
Let g = -7 + 9. Suppose 19 = g*v - 13. What are the prime factors of v?
2
Suppose 0 = 2*i - 3*i - 1, 2*u + i - 157 = 0. What are the prime factors of u?
79
Let o = 171 - 114. List the prime factors of o.
3, 19
List the prime factors of ((-8)/10)/((-2)/10).
2
Let z = 76 + -49. What are the prime factors of z?
3
Let u = 29 + 53. Suppose 7 = -3*q + u. List the prime factors of q.
5
Suppose 0 = 2*g - 3*g. Suppose g*c = -2*c + 64. What are the prime factors of c?
2
Let x = 17 + -12. Suppose -x*o + 20 = 0, -j - 5*o = 20 - 54. Suppose 1 - j = -g. List the prime factors of g.
13
Suppose -3*w + 8 = s, -s - s + 10 = 0. Let v = -3 - w. What are the prime factors of 2/((16/(-18))/v)?
3
Suppose 4*d = -3*p + 251 + 393, 0 = -2*p - 2*d + 430. What are the prime factors of p?
2, 3
Suppose -2*o = 11 - 1, 3*h = -3*o + 18. List the prime factors of h.
11
Let f = 26 + 4. What are the prime factors of f?
2, 3, 5
Let h = 0 + 5. Suppose 2*i = 4*u - 2 - 2, -5*u = -5*i + h. Let z(x) = 2*x - 3. What are the prime factors of z(u)?
3
Let r(z) = -z**3 - 6*z**2 + 7*z + 2. Let n be r(-7). Suppose 14 = 3*l - 2*w - n, -w + 5 = 5*l. List the prime factors of l.
2
Let v(f) = -5*f**3 - 2*f**2 + 1. Let s be v(-1). Suppose -3*a = 0, -a = s*m + 4*a - 64. What are the prime factors of m?
2
Let f be 2/(-6)*-3 - -3. Suppose 0 = f*j - 2*j - 4. Suppose -j*k + 38 - 6 = 0. What are the prime factors of k?
2
Suppose 0 = 4*t - 143 - 69. Let s = t - 31. What are the prime factors of s?
2, 11
Let b(p) = p**2 + 11*p + 6. Let g be b(-7). Let l = 32 + g. List the prime factors of l.
2, 5
Let c(g) = g**3 - 4*g**2 - 8*g - 5. Let a(m) = -m**3 + 5*m**2 + m + 1. Let j be a(5). What are the prime factors of c(j)?
19
Let p be 222/(-8) + (-1)/4. Let n = 52 + p. Let w = n - 13. What are the prime factors of w?
11
Let y(b) = b + 3. Let s be y(3). Let h = s - -2. List the prime factors of h.
2
Suppose 2*g - 4 = 80. What are the prime factors of g?
2, 3, 7
Let r(m) = -m**3 - 3*m**2 - m + 2. Let a be r(-2). Suppose a = 2*z - 6. Suppose -z*u - 29 = -5*j - 4*u, j = -u + 9. List the prime factors of j.
5
Let n(q) = 3*q**2 - 12*q + 3. List the prime factors of n(6).
3, 13
What are the prime factors of -4 - (2 - 2) - -52?
2, 3
Let w(a) = -3*a - 2. Let q be w(4). List the prime factors of ((-72)/q)/(4/28).
2, 3
Let d = 256 - 161. Let u = d + -62. List the prime factors of u.
3, 11
Let i(v) = -v**2 - 5*v. Let y be i(-6). Let g be 22*((-45)/y)/5. Suppose -4*m - 62 = -5*x, -3*x + m + 0*m = -g. List the prime factors of x.
2, 5
Let c be -3*5/(45/(-66)). Suppose c = 2*f - 2*x, f + 0*f - 15 = -3*x. List the prime factors of f.
2, 3
Let v = 79 - 56. What are the prime factors of v/5 - 4/(-10)?
5
Let w = -7 - -11. Let t(f) = -f**2 + 10*f - 4. Let p be t(9). Suppose 0 = -w*r - 4*j + 56, p*r - 5*j - 20 = 100. List the prime factors of r.
19
What are the prime factors of 0 + 3/(3/89) + 2?
7, 13
Let t(a) = 21*a**2 - 3*a - 1. What are the prime factors of t(-2)?
89
Let h = 77 + -45. Suppose -3*m + 10 = -2*m - 3*t, -5*m - 3*t = -h. List the prime factors of m.
7
Suppose -6*t + t - 2 = a, 0 = -5*t + a - 8. Let v = 8 + t. List the prime factors of v.
7
Suppose -1 = 3*u + o, 0*o + 3*o = -u - 3. Suppose u = 3*v + 2 - 122. Let w = -29 + v. What are the prime factors of w?
11
Let d(z) = -z**3 + 7*z**2 + 18*z - 12. List the prime factors of d(8).
2, 17
Let w(q) be the first derivative of q**4/4 + 8*q**3/3 + 5*q**2/2 - 4*q - 2. Let v(b) = -b - 1. Let n be v(6). List the prime factors of w(n).
2, 5
Let u(q) = -4*q + 1 + 6*q - 3*q. Let g be u(-2). Suppose -m = -g*y + 63, 0*m + m = 5*y - 103. What are the prime factors of y?
2, 5
Let h(n) be the third derivative of 1/3*n**3 + 0*n - 2*n**2 - 1/12*n**4 + 0. What are the prime factors of h(-2)?
2, 3
Let p(j) = -10*j**2 - 14*j. Let f(w) = -3*w**2 - 5*w. Let q(x) = 8*f(x) - 3*p(x). What are the prime factors of q(2)?
2, 7
Let k = 54 - 12. List the prime factors of k.
2, 3, 7
Suppose 3 = 4*r - r. Let a(p) = 2*p - 1 + p**3 + 3*p**3 - 2*p**3. List the prime factors of a(r).
3
Let a = -29 - -75. What are the prime factors of a?
2, 23
Let n = 10 + -5. Suppose u = n*u - 56. What are the prime factors of u?
2, 7
Suppose b = 3*b + 4, -3*b = 4*k - 66. What are the prime factors of k?
2, 3
Suppose -2*h + 7*h = 20. Suppose 5*l - 70 = -3*b, 2*b = b + h*l - 5. List the prime factors of b.
3, 5
List the prime factors of (-126)/(-4) - 27/(-18).
3, 11
Suppose -2*x - 5*l = -x + 17, 2*x - 4*l = 22. Let t be 12/9*x/2. Suppose 3*b = -t*b + 30. List the prime factors of b.
2, 3
Let y be 1/(-1) - (10 + -14). What are the prime factors of (-2 - y)*(-74)/10?
37
Suppose 28 =